-27*o + 3. Let d be t(-3). Let w be (-87)/((-11)/((-22)/3)). Let b = w + d. What is the tens digit of b?
2
Suppose -x - q = -1888, 2*x + 1416 = -3*q + 5190. What is the tens digit of x?
9
What is the hundreds digit of (-3150)/(-135)*3*10/4?
1
Suppose -1186 = -26*k + 18600. What is the units digit of k?
1
Let d = -22 + 21. Let s(v) = -70*v**3 + v**2. What is the units digit of s(d)?
1
Suppose q - 50 = -4*b, -2*q - 3*q = -5*b + 50. What is the tens digit of (-6)/9 - (-296)/b?
2
Let c(a) be the first derivative of -3 - 3*a**3 - 1/4*a**4 - 7/2*a**2 + 10*a. What is the units digit of c(-8)?
2
Suppose m + 3*t = 142, -m + 558 = 3*m + 2*t. What is the hundreds digit of m?
1
Suppose -5*t = -3*t - 5*x - 730, -4*t - 5*x + 1520 = 0. What is the tens digit of t?
7
Let i = -2 - -7. Let f = -147 - -195. Suppose k + i = f. What is the units digit of k?
3
Let h(b) = 2*b**3 - 15*b + 16. What is the hundreds digit of h(7)?
5
Let l be (39/15)/((-6)/(-30)). Suppose 5*x + 3 - l = 0. Suppose x*f + 3 = 3*f. What is the units digit of f?
3
Let q be 0 + (114 - (-1 - -1 - 0)). Suppose -2*l = -f - 116, -6*l + q = -4*l - 2*f. What is the units digit of l?
9
Suppose -772 = -5*d + 63. What is the tens digit of d?
6
Let y(z) = z**3 + 11*z**2 + 18*z + 8. Let o be y(-9). Suppose 16 = 12*n - o*n. What is the units digit of n?
4
Suppose -3*i - i - 3*o + 6623 = 0, 5*i - 4*o = 8240. What is the thousands digit of i?
1
Let x(b) = -b + 20. Suppose 2*c - 7*c + 40 = 0. What is the units digit of x(c)?
2
Suppose 47387 = 44*q + 7699. What is the units digit of q?
2
Let o(t) be the first derivative of t**2/2 - 6*t - 3. Let w be o(11). Suppose -w*x + 17 - 2 = 0. What is the units digit of x?
3
Let t = -10 - -18. Suppose 20*k = 16*k - t. Let r(n) = 13*n**2 - 3*n - 2. What is the units digit of r(k)?
6
Let o = -1343 - -2120. What is the tens digit of o?
7
Suppose j = -61 + 170. Suppose j = -7*g - 10. Let n = 8 - g. What is the units digit of n?
5
Let a(w) be the first derivative of 1/4*w**4 - 10 + 11/2*w**2 + 13/3*w**3 - 8*w. What is the units digit of a(-12)?
4
Let y = -60 - -60. Suppose -4*i + 3*v + 492 = -i, y = 5*i + 2*v - 841. What is the tens digit of i?
6
Suppose 3*w + 0*w - 336 = 0. Suppose -j = -w - 133. What is the units digit of j?
5
Suppose 6*t + 3455 - 10505 = 0. What is the tens digit of t?
7
Suppose -10 - 4 = -2*r. Suppose 0 = 4*l - 12, -r*d + 2*d = -4*l - 18. Suppose 4*t - 3*t = d. What is the units digit of t?
6
Let p = 215 - 320. Let i = 7 + -3. What is the tens digit of (-21)/(-28) - p/i?
2
Let l be 4 - 1*(-48)/4. Let s be 216/l*(-2)/(-3). What is the tens digit of 690/s + (-2)/(-6)?
7
Suppose 11*s - 321 = 636. What is the units digit of s?
7
Let r(t) = -t**2. Let a(d) = d - 14. Let p be a(14). Let g be r(p). Suppose 4*h + 0*h - 60 = g. What is the units digit of h?
5
Let a(p) be the second derivative of p**4/3 - 5*p**3/6 + 2*p**2 - 6*p. Suppose -3*t = -7*t + 12. What is the tens digit of a(t)?
2
Suppose 0 = -2*c - 5*n + 34, -n = -2*c + 13 + 33. Let j = -78 + 133. Let v = j - c. What is the units digit of v?
3
Let h(p) = -7*p - 20. Let u(a) = -4*a - 10. Let i(b) = 3*h(b) - 5*u(b). Let f be i(-8). What is the units digit of ((-3)/f)/(9/114)?
9
Suppose -43 - 8 = -3*k. Suppose -5*p + 23 = -3*j, 3*j + k = -2*p + 1. What is the units digit of 8/24 - 292/j?
9
Suppose c = 2*l - 1745, -4*c = 5*l + 1053 - 5448. What is the units digit of l?
5
Let k(q) = -q - 4. Suppose -3*l - 2*l = -5, -3*z = -5*l + 23. Let a be k(z). Suppose j - 75 = -a*j. What is the tens digit of j?
2
Suppose 0 = l - 2188 + 586. What is the hundreds digit of l?
6
Let j be (-4 - -9)*12/5. Suppose 8 = 4*x - m, 4*x = 5*m - 3*m + j. What is the units digit of x?
1
Let m(h) = h**3 - 3*h**2 + h - 2. Suppose -4*q = -2*q - 12. Suppose x - q*x = -20. What is the tens digit of m(x)?
1
Let j(q) = -39 - 12*q + 12*q - 27*q. What is the units digit of j(-6)?
3
Let d = -2474 - -3875. Suppose 14*x = 433 + d. What is the units digit of x?
1
Suppose -4*k - 9 = -7*k, 0 = 5*q + 5*k - 280. Suppose q = m - 6. What is the units digit of m?
9
Suppose c = -5*m + 177, -2*m + 146 = 2*m + 3*c. What is the units digit of m?
5
Suppose -57 - 8 = -5*i. Suppose -20 = -4*a + 5*z, 12*a = 13*a + z + 4. Let b = i + a. What is the tens digit of b?
1
Let h = -13022 - -18455. What is the units digit of h?
3
Let p = -32 + 142. Let f = p - 48. What is the units digit of f?
2
What is the units digit of (-56 + 3 + -1)*(-77 + 16)?
4
Let m(j) = 2*j**2 - 1. Let x(s) = 3*s**2 - 2. Let i(g) = 5*m(g) - 3*x(g). Let l(k) = -12*k**2 - 2. Let w(o) = -5*i(o) - l(o). What is the tens digit of w(-2)?
2
Let a(m) = -19*m**2 + 9*m + 2. Let y be a(-4). Let q be ((-2)/3)/((-2)/(-30)). What is the tens digit of q/(-45) + y/(-18)?
1
Suppose -9*l = 4*c - 4*l + 12, 15 = -5*c - l. Let k(s) = 14*s**2 - 4*s - 22. What is the hundreds digit of k(c)?
1
Let v be (-35)/(-10) + (-6)/4. Suppose 0 = -0*p + v*p. Suppose 2*h - 3*m - 27 = 0, p*m - 4*m = h - 30. What is the units digit of h?
8
Let q = 1398 + -643. What is the units digit of q?
5
What is the tens digit of (-36)/(66/(-16) + -1 + 5)?
8
Suppose 373*z = 375*z - 6552. What is the hundreds digit of z?
2
Let s(m) = -7*m - 1 - m + 9*m**2 - 10*m**2. Let n be s(-5). Suppose 6*d = 188 - n. What is the units digit of d?
9
What is the units digit of 1 - ((-12)/(-42) - 53875/35)?
0
Let r be (9/2)/((-12)/24). Let z = r - -12. Suppose -2*d - 16 = -z*d. What is the units digit of d?
6
Let w be (2*5 + 0)*(-12)/(-30). Suppose w*x - 3*y - 862 = -327, -2*x - 2*y + 278 = 0. What is the hundreds digit of x?
1
Let v be (18/(-27))/((-2)/45*-3). Let h(u) = 7*u**2 + 3*u - 17. What is the units digit of h(v)?
3
Suppose 0*p - p = -22. Suppose 0 = l + 4*n + 8 - p, -4*l + 73 = -n. What is the tens digit of (-1 - (3 + -4)) + l?
1
Let c(n) = 21*n - 1. Let y(f) = -22*f. Let u(w) = -3*c(w) - 2*y(w). What is the tens digit of u(-3)?
6
Let r = 112 - -544. What is the tens digit of r?
5
Let o(q) = q**3 + 7*q**2 + 7*q - 15. Let m be o(-5). Let j(s) = 0 + 9 - s**2 - 3. What is the units digit of j(m)?
6
Let a(v) be the second derivative of v + 0 - 4/3*v**3 - 1/2*v**2. What is the tens digit of a(-3)?
2
Let m be (-3 - (-57)/15)/((-16)/(-1880)). Suppose -96*y + 246 = -m*y. What is the hundreds digit of y?
1
What is the hundreds digit of 0 - ((-1263)/11 - 6/33)?
1
Suppose -3*k = -4*x - 1049, -2*x - 702 = 6*k - 8*k. What is the units digit of k?
5
Let p(c) be the third derivative of -c**5/60 - 5*c**4/8 - 3*c**3/2 - 42*c**2. Suppose -12 = 2*n + 12. What is the tens digit of p(n)?
2
Suppose 585 = f + 14*f. Suppose -2*i + 31 = -83. Let t = i - f. What is the tens digit of t?
1
Suppose -w + 0*j = 4*j - 5, -4*j - 20 = -4*w. Suppose 2*t = -w*l - 30, 0 = 5*t + 7*l - 2*l + 60. What is the units digit of ((-248)/40)/(2/t)?
1
Suppose -3*i + 2*y = 3*y - 13, 5*i + y = 19. Let f(j) = -6 - 4*j**i - 3*j + 5*j**3 - 68*j**2 + 64*j**2. What is the units digit of f(5)?
4
Let p(q) be the first derivative of q**5/60 + q**4/3 - 2*q**3/3 + 3*q**2 - 6. Let w(c) be the second derivative of p(c). What is the units digit of w(-10)?
6
Let i(g) = 38*g - 22. Let r be i(4). Let q = r - 97. What is the units digit of q?
3
Let x(k) be the third derivative of -k**4/24 + k**3/2 - 3*k**2. Let c be x(9). Let z(l) = -6*l - 7. What is the tens digit of z(c)?
2
Let s(b) = -3*b**3 - 3*b**2 + 21*b + 43. What is the hundreds digit of s(-6)?
4
What is the thousands digit of ((-2441)/4)/(86/(-344))?
2
Let c(p) = 7*p**3 - 6*p**3 + 0*p + 7 + p. Let y be c(0). Suppose 4 + 276 = y*w. What is the units digit of w?
0
Let p be (-2)/3 - 25/(-15). Let j = 5 - p. Suppose -5*r + 88 = j*u, -2*u + 2*r + 41 + 3 = 0. What is the units digit of u?
2
Let q = -9 - -10. Let f be -14 - q - (-2 + 1). Let t = 20 - f. What is the units digit of t?
4
Suppose 4*x + 4*z - 173 - 1479 = 0, 1279 = 3*x - 5*z. What is the units digit of x?
8
Suppose -4376 = -5*l + h, 4*l + 2*h = 789 + 2709. What is the units digit of l?
5
Let w(i) = i + 2. Let n be w(-1). Let s = 17 - 16. What is the units digit of -1 - s - (-11 - n)?
0
Let a(o) = -3*o - 16. Let w be a(-12). Let h be w/4*(-129)/(-15). Let l = 66 - h. What is the units digit of l?
3
Suppose 0 = 13*w - 27*w + 5866. What is the units digit of w?
9
Suppose 2*j = -3*j + 20. Let i = j - -187.